se 12?
56
What is 57 (base 10) in base 4?
321
What is 76 (base 12) in base 6?
230
Convert 150 (base 10) to base 16.
96
What is -1 (base 9) in base 5?
-1
Convert 383 (base 10) to base 16.
17f
7 (base 9) to base 2
111
Convert 4 (base 10) to base 5.
4
1 (base 8) to base 3
1
Convert -43 (base 7) to base 8.
-37
Convert -4 (base 14) to base 11.
-4
Convert -120 (base 3) to base 15.
-10
What is 2 (base 11) in base 16?
2
Convert -7 (base 14) to base 12.
-7
What is 101 (base 2) in base 10?
5
What is 82 (base 9) in base 2?
1001010
What is 11 (base 7) in base 13?
8
3 (base 16) to base 5
3
What is 227 (base 10) in base 13?
146
Convert -4 (base 16) to base 13.
-4
Convert -11 (base 4) to base 9.
-5
Convert 11 (base 6) to base 5.
12
-2 (base 12) to base 7
-2
What is 10001 (base 2) in base 16?
11
-1300 (base 4) to base 6
-304
What is 58 (base 9) in base 11?
49
10 (base 12) to base 9
13
What is c9 (base 13) in base 7?
324
8b (base 14) to base 5
443
Convert 18 (base 10) to base 5.
33
140 (base 5) to base 11
41
What is -1134 (base 6) in base 12?
-1aa
Convert -101 (base 9) to base 16.
-52
What is 2d (base 15) in base 12?
37
3 (base 13) to base 14
3
-65 (base 11) to base 6
-155
What is -134 (base 5) in base 8?
-54
What is 0 (base 12) in base 9?
0
2 (base 9) to base 7
2
What is 2 (base 15) in base 16?
2
-48 (base 12) to base 13
-44
What is -1 (base 9) in base 5?
-1
What is 3d (base 14) in base 16?
37
-4 (base 9) to base 13
-4
What is 2 (base 13) in base 15?
2
-20 (base 6) to base 7
-15
What is -4 (base 15) in base 12?
-4
-16 (base 15) to base 12
-19
What is 0 (base 14) in base 13?
0
Convert d (base 14) to base 12.
11
Convert -4 (base 14) to base 3.
-11
Convert 14 (base 10) to base 15.
e
-116 (base 8) to base 4
-1032
What is -62 (base 12) in base 10?
-74
100021 (base 3) to base 12
18a
Convert 0 (base 16) to base 3.
0
What is 21 (base 4) in base 14?
9
What is 0 (base 14) in base 6?
0
What is -2 (base 13) in base 12?
-2
Convert -142 (base 6) to base 4.
-332
1 (base 3) to base 12
1
-111 (base 8) to base 2
-1001001
Convert -3 (base 11) to base 9.
-3
What is 208 (base 9) in base 4?
2222
Convert 50 (base 6) to base 5.
110
Convert 22 (base 11) to base 3.
220
What is 261 (base 7) in base 12?
b9
What is 53 (base 8) in base 13?
34
Convert -45 (base 9) to base 16.
-29
Convert 10 (base 2) to base 12.
2
What is 0 (base 4) in base 3?
0
0 (base 15) to base 10
0
-111 (base 2) to base 9
-7
What is -9 (base 16) in base 2?
-1001
What is 2 (base 14) in base 4?
2
0 (base 8) to base 11
0
Convert -3 (base 12) to base 3.
-10
Convert 4 (base 5) to base 13.
4
What is -4 (base 13) in base 4?
-10
What is -6 (base 14) in base 9?
-6
-2b (base 12) to base 16
-23
1342 (base 5) to base 8
336
Convert -1 (base 5) to base 8.
-1
What is -44 (base 14) in base 4?
-330
Convert 206 (base 7) to base 16.
68
What is 40 (base 8) in base 13?
26
What is 123 (base 7) in base 11?
60
-24 (base 10) to base 6
-40
-2 (base 16) to base 15
-2
What is 24 (base 9) in base 16?
16
-2 (base 4) to base 7
-2
Convert 26 (base 12) to base 3.
1010
Convert -1 (base 5) to base 15.
-1
-240 (base 9) to base 2
-11000110
-122 (base 6) to base 4
-302
Convert -11 (base 10) to base 12.
-b
Convert -141 (base 5) to base 4.
-232
What is -d (base 15) in base 12?
-11
-53 (base 7) to base 5
-123
Convert 136 (base 7) to base 2.
1001100
1 (base 11) to base 4
1
What is -31 (base 7) in base 4?
-112
What is 1 (base 5) in base 16?
1
Convert -134 (base 7) to base 5.
-244
What is 14 (base 10) in base 6?
22
-87 (base 11) to base 15
-65
What is 33 (base 8) in base 13?
21
-2203 (base 4) to base 6
-431
Convert -545 (base 8) to base 2.
-101100101
What is 8 (base 12) in base 9?
8
-2 (base 15) to base 5
-2
What is -10 (base 6) in base 11?
-6
What is -153 (base 6) in base 2?
-1000101
1 (base 4) to base 8
1
Convert -11011 (base 2) to base 15.
-1c
23 (base 11) to base 13
1c
What is 0 (base 13) in base 16?
0
9 (base 16) to base 2
1001
What is 5 (base 14) in base 3?
12
What is 6 (base 15) in base 10?
6
-65 (base 16) to base 2
-1100101
Convert 4c (base 14) to base 13.
53
4 (base 5) to base 7
4
What is -15 (base 6) in base 8?
-13
-28 (base 10) to base 9
-31
29 (base 11) to base 3
1011
Convert -30 (base 7) to base 5.
-41
15 (base 8) to base 9
14
0 (base 11) to base 5
0
Convert -22001 (base 3) to base 13.
-139
What is 7 (base 16) in base 10?
7
1 (base 2) to base 16
1
What is 39 (base 11) in base 12?
36
2 (base 4) to base 6
2
Convert -3013 (base 4) to base 7.
-403
-2 (base 16) to base 7
-2
What is -2 (base 3) in base 16?
-2
What is 12100 (base 3) in base 2?
10010000
2c (base 16) to base 6
112
22 (base 3) to base 14
8
c (base 16) to base 12
10
Convert -1011 (base 2) to base 11.
-10
Convert -3 (base 9) to base 3.
-10
What is -3 (base 7) in base 4?
-3
Convert -1d (base 16) to base 12.
-25
-214 (base 10) to base 15
-e4
22 (base 5) to base 10
12
Convert 14 (base 5) to base 4.
21
-1220 (base 3) to base 16
-33
What is -2 (base 14) in base 5?
-2
15 (base 16) to base 3
210
5a (base 11) to base 6
145
What is -67 (base 13) in base 12?
-71
Convert 59 (base 15) to base 14.
60
-92 (base 13) to base 16
-77
What is -17 (base 10) in base 5?
-32
-3 (base 12) to base 11
-3
What is 0 (base 4) in base 6?
0
36 (base 7) to base 10
27
What is -1 (base 6) in base 4?
-1
What is -2 (base 16) in base 13?
-2
What is -43 (base 8) in base 6?
-55
-28 (base 11) to base 6
-50
What is 1 (base 5) in base 10?
1
-4 (base 15) to base 13
-4
What is 6 (base 10) in base 6?
10
-36 (base 12) to base 4
-222
-323 (base 5) to base 9
-107
What is 47 (base 12) in base 10?
55
Convert 1 (base 11) to base 5.
1
-130 (base 5) to base 6
-104
Convert 10 (base 3) to base 2.
11
What is -138 (base 9) in base 16?
-74
-23 (base 14) to base 10
-31
What is 1 (base 9) in base 15?
1
Convert 6 (base 9) to base 16.
6
What is 5 (base 11) in base 4?
11
What is 196 (base 12) in base 4?
10002
10 (base 11) to base 14
b
-10 (base 7) to base 3
-21
What is -11000 (base 2) in base 15?
-19
Convert -6 (base 11) to base 12.
-6
Convert 2 (base 13) to base 15.
2
-2 (base 14) to base 6
-2
Convert 1021 (base 4) to base 7.
133
26 (base 8) to base 5
42
Convert 43 (base 12) to base 15.
36
Convert -4 (base 6) to base 3.
-11
What is 4 (base 12) in base 8?
4
What is 1 (base 15) in base 14?
1
Convert 11 (base 6) to base 14.
7
Convert -1100 (base 2) to base 11.
-11
What is 4 (base 16) in base 5?
4
Convert 13 (base 5) to base 4.
20
6 (base 10) to base 8
6
Convert -1 (base 15) to base 6.
-1
2121 (base 3) to base 7
130
2111 (base 3) to base 15
47
Convert -10 (base 7) to base 16.
-7
-166 (base 11) to base 7
-364
-4 (base 6) to base 14
-4
-55 (base 14) to base 6
-203
1 (base 8) to base 2
1
111 (base 2) to base 12
7
What is -60 (base 15) in base 2?
-1011010
Convert 0 (base 5) to base 9.
0
-8 (base 15) to base 6
-12
What is 14 (base 11) in base 2?
1111
-12 (base 10) to base 4
-30
Convert -43 (base 7) to base 6.
-51
Convert 12 (base 10) to base 5.
22
What is 60 (base 14) in base 7?
150
-5 (base 10) to base 8
-5
What is 0 (base 11) in base 6?
0
Convert 0 (base 2) to base 7.
0
48 (base 9) to base 15
2e
What is -2 (base 8) in base 9?
-2
Convert -16 (base 9) to base 8.
-17
What is -330 (base 4) in base 15?
-40
-1321 (base 4) to base 7
-232
-32 (base 4) to base 7
-20
Convert 14 (base 9) to base 8.
15
4 (base 12) to base 15
4
What is -59 (base 15) in base 11?
-77
What is 4 (base 14) in base 11?
4
Convert c (base 14) to base 13.
c
4d (base 16) to base 2
1001101
What is -2 (base 7) in base 16?
-2
Convert -117 (base 8) to base 9.
-87
Convert -1b (base 16) to base 11.
-25
-7 (base 15) to base 5
-12
Convert 17 (base 8) to base 14.
11
What is 101010 (base 3) in base 14?
157
Convert -1100 (base 3) to base 12.
-30
Convert 1b (base 14) to base 4.
121
What is 6 (base 13) in base 10?
6
Convert 88 (base 11) to base 7.
165
-200 (base 5) to base 10
-50
What is -13 (base 13) in base 16?
-10
-17 (base 9) to base 14
-12
213 (base 4) to base 14
2b
Convert 3 (base 7) to base 12.
3
35 (base 9) to base 12
28
10 (base 6) to base 9
6
16 (base 16) to base 12
1a
Convert 8 (base 9) to base 13.
8
8 (base 16) to base 9
8
Convert 213 (base 9) to base 10.
174
Convert -4 (base 16) to base 5.
-4
Convert 7 (base 13) to base 2.
111
-a (base 16) to base 12
-a
What is -1001100 (base 2) in base 5?
-301
W